{"id":14869,"date":"2014-05-20T07:51:11","date_gmt":"2014-05-20T07:51:11","guid":{"rendered":"http:\/\/demo.qodeinteractive.com\/bridge51\/?page_id=14869"},"modified":"2017-11-26T16:00:36","modified_gmt":"2017-11-26T15:00:36","slug":"home","status":"publish","type":"page","link":"https:\/\/mzrl.pl\/","title":{"rendered":"Home"},"content":{"rendered":"<p>[vc_row row_type=&#8221;row&#8221; use_row_as_full_screen_section=&#8221;no&#8221; type=&#8221;grid&#8221; angled_section=&#8221;no&#8221; text_align=&#8221;left&#8221; background_image_as_pattern=&#8221;without_pattern&#8221; padding_top=&#8221;16&#8243; padding_bottom=&#8221;0&#8243; css_animation=&#8221;&#8221;][vc_column width=&#8221;7\/12&#8243;][vc_separator type=&#8221;transparent&#8221;][vc_column_text]<\/p>\n<h3 style=\"text-align: left;\">Witamy na stronie Miejskiego Zak\u0142adu Rehabilitacji Leczniczej w Boles\u0142awcu<\/h3>\n<p>[\/vc_column_text][vc_separator type=&#8221;small&#8221; position=&#8221;left&#8221; color=&#8221;#219151&#8243;][vc_column_text]Miejski Zak\u0142ad Rehabilitacji Leczniczej Sp. z o.o. w Boles\u0142awcu powsta\u0142 w wyniku restrukturyzacji Dzia\u0142u Rehabilitacji SP ZOZ w Boles\u0142awcu w 2003 roku.<br \/>\nW tym czasie zorganizowano w pe\u0142ni wyposa\u017cone gabinety do fizykoterapii, kinezyterapii i masa\u017cu leczniczego oraz zatrudniono fachowy personel medyczny. Miejski Zak\u0142ad Rehabilitacji Leczniczej Sp. z o.o. Jest reprezentowany przez prezesa\u00a0zak\u0142adu dr nkf Dorot\u0119 Babijczuk &#8211; Boruci\u0144sk\u0105. Zesp\u00f3\u0142 terapeut\u00f3w sk\u0142ada si\u0119 z magistr\u00f3w fizjoterapii, licencjonowanych fizjoterapeut\u00f3w, technik\u00f3w fizjoterapii. Terapeuci stale doskonal\u0105 si\u0119 zawodowo, co odzwierciedla si\u0119 w rzetelnie i fachowo \u015bwiadczonych us\u0142uga rehabilitacyjnych. Fizjoterapi\u0119 traktujemy jako leczenie podstawowe i wspomagaj\u0105ce w wielu chorobach: wadach rozwojowych, wadach postawy i ko\u0144czyn dolnych , b\u00f3lach kr\u0119gos\u0142upa, staw\u00f3w, mi\u0119\u015bni, stanach po urazach.[\/vc_column_text][vc_separator type=&#8221;transparent&#8221; up=&#8221;39&#8243; down=&#8221;0&#8243;][\/vc_column][vc_column width=&#8221;5\/12&#8243;][vc_separator type=&#8221;transparent&#8221; up=&#8221;39&#8243; down=&#8221;0&#8243;][vc_single_image image=&#8221;15532&#8243; img_size=&#8221;full&#8221; alignment=&#8221;right&#8221; style=&#8221;vc_box_shadow_3d&#8221; qode_css_animation=&#8221;&#8221;][vc_separator type=&#8221;transparent&#8221; up=&#8221;39&#8243; down=&#8221;0&#8243;][\/vc_column][\/vc_row][vc_row row_type=&#8221;row&#8221; use_row_as_full_screen_section=&#8221;no&#8221; type=&#8221;grid&#8221; angled_section=&#8221;no&#8221; text_align=&#8221;left&#8221; background_image_as_pattern=&#8221;without_pattern&#8221; padding_top=&#8221;19&#8243; padding_bottom=&#8221;0&#8243; css_animation=&#8221;&#8221;][vc_column width=&#8221;7\/12&#8243;][vc_column_text]<\/p>\n<h3 style=\"text-align: left;\">Czym si\u0119 wyr\u00f3\u017cniamy?<\/h3>\n<p>[\/vc_column_text][vc_separator type=&#8221;small&#8221; position=&#8221;left&#8221; color=&#8221;#219151&#8243;][vc_accordion active_tab=&#8221;3&#8243; style=&#8221;accordion&#8221;][vc_accordion_tab title=&#8221;Bogata oferta&#8221; title_tag=&#8221;h4&#8243;][vc_column_text]Fizjoterapeuci nieustannie kszta\u0142c\u0105 si\u0119 a to pozwala na zwi\u0119kszanie zakresu oferowanych zabieg\u00f3w pozwalaj\u0105cych spe\u0142nia\u0107 oczekiwania i potrzeby wszystkich pacjent\u00f3w.[\/vc_column_text][\/vc_accordion_tab][vc_accordion_tab title=&#8221;Wykwalifikowany personel&#8221; title_tag=&#8221;h4&#8243;][vc_column_text]Terapeuci stale doskonal\u0105 si\u0119 zawodowo, co odzwierciedla si\u0119 w rzetelnie i fachowo \u015bwiadczonych us\u0142uga rehabilitacyjnych.[\/vc_column_text][\/vc_accordion_tab][vc_accordion_tab title=&#8221;Diagnostyka&#8221; title_tag=&#8221;h4&#8243;][vc_column_text]Wszystko zaczyna si\u0119 od rzetelnej diagnostyki.<\/p>\n<p>W naszym Zak\u0142adzie zapewniamy kompleksow\u0105 diagnostyk\u0119:<\/p>\n<p>1.postawy cia\u0142a przy u\u017cyciu nowoczesnego aparatu MEDI MOUSE,<\/p>\n<p>2 ko\u0144czyn dolnych i st\u00f3p u dzieci i m\u0142odzie\u017cy i doros\u0142ych korzystaj\u0105c z PODOSKOPU[\/vc_column_text][\/vc_accordion_tab][\/vc_accordion][vc_separator type=&#8221;transparent&#8221; up=&#8221;110&#8243; down=&#8221;0&#8243;][\/vc_column][vc_column width=&#8221;5\/12&#8243;][vc_separator type=&#8221;transparent&#8221;][vc_single_image image=&#8221;15544&#8243; img_size=&#8221;full&#8221; alignment=&#8221;right&#8221; style=&#8221;vc_box_shadow_3d&#8221; qode_css_animation=&#8221;&#8221;][vc_separator type=&#8221;transparent&#8221; up=&#8221;39&#8243; down=&#8221;0&#8243;][\/vc_column][\/vc_row]<\/p>\n","protected":false},"excerpt":{"rendered":"<p>[vc_row row_type=&#8221;row&#8221; use_row_as_full_screen_section=&#8221;no&#8221; type=&#8221;grid&#8221; angled_section=&#8221;no&#8221; text_align=&#8221;left&#8221; background_image_as_pattern=&#8221;without_pattern&#8221; padding_top=&#8221;16&#8243; padding_bottom=&#8221;0&#8243; css_animation=&#8221;&#8221;][vc_column width=&#8221;7\/12&#8243;][vc_separator type=&#8221;transparent&#8221;][vc_column_text] Witamy na stronie Miejskiego Zak\u0142adu Rehabilitacji Leczniczej w Boles\u0142awcu [\/vc_column_text][vc_separator type=&#8221;small&#8221; position=&#8221;left&#8221; color=&#8221;#219151&#8243;][vc_column_text]Miejski Zak\u0142ad Rehabilitacji Leczniczej Sp. z o.o. w Boles\u0142awcu powsta\u0142 w wyniku restrukturyzacji Dzia\u0142u Rehabilitacji SP ZOZ w Boles\u0142awcu w 2003&#8230;<\/p>\n","protected":false},"author":1,"featured_media":0,"parent":0,"menu_order":0,"comment_status":"open","ping_status":"open","template":"full_width.php","meta":[],"_links":{"self":[{"href":"https:\/\/mzrl.pl\/index.php?rest_route=\/wp\/v2\/pages\/14869"}],"collection":[{"href":"https:\/\/mzrl.pl\/index.php?rest_route=\/wp\/v2\/pages"}],"about":[{"href":"https:\/\/mzrl.pl\/index.php?rest_route=\/wp\/v2\/types\/page"}],"author":[{"embeddable":true,"href":"https:\/\/mzrl.pl\/index.php?rest_route=\/wp\/v2\/users\/1"}],"replies":[{"embeddable":true,"href":"https:\/\/mzrl.pl\/index.php?rest_route=%2Fwp%2Fv2%2Fcomments&post=14869"}],"version-history":[{"count":21,"href":"https:\/\/mzrl.pl\/index.php?rest_route=\/wp\/v2\/pages\/14869\/revisions"}],"predecessor-version":[{"id":15654,"href":"https:\/\/mzrl.pl\/index.php?rest_route=\/wp\/v2\/pages\/14869\/revisions\/15654"}],"wp:attachment":[{"href":"https:\/\/mzrl.pl\/index.php?rest_route=%2Fwp%2Fv2%2Fmedia&parent=14869"}],"curies":[{"name":"wp","href":"https:\/\/api.w.org\/{rel}","templated":true}]}}

<p>[vc_row row_type=&#8221;row&#8221; use_row_as_full_screen_section=&#8221;no&#8221; type=&#8221;grid&#8221; angled_section=&#8221;no&#8221; text_align=&#8221;left&#8221; background_image_as_pattern=&#8221;without_pattern&#8221; padding_top=&#8221;16&#8243; padding_bottom=&#8221;0&#8243; css_animation=&#8221;&#8221;][vc_column width=&#8221;7/12&#8243;][vc_separator type=&#8221;transparent&#8221;][vc_column_text]</p>
<h3 style="text-align: left;">Witamy na stronie Miejskiego Zakładu Rehabilitacji Leczniczej w Bolesławcu</h3>
<p>[/vc_column_text][vc_separator type=&#8221;small&#8221; position=&#8221;left&#8221; color=&#8221;#219151&#8243;][vc_column_text]Miejski Zakład Rehabilitacji Leczniczej Sp. z o.o. w Bolesławcu powstał w wyniku restrukturyzacji Działu Rehabilitacji SP ZOZ w Bolesławcu w 2003 roku.<br />
W tym czasie zorganizowano w pełni wyposażone gabinety do fizykoterapii, kinezyterapii i masażu leczniczego oraz zatrudniono fachowy personel medyczny. Miejski Zakład Rehabilitacji Leczniczej Sp. z o.o. Jest reprezentowany przez prezesa zakładu dr nkf Dorotę Babijczuk &#8211; Borucińską. Zespół terapeutów składa się z magistrów fizjoterapii, licencjonowanych fizjoterapeutów, techników fizjoterapii. Terapeuci stale doskonalą się zawodowo, co odzwierciedla się w rzetelnie i fachowo świadczonych usługa rehabilitacyjnych. Fizjoterapię traktujemy jako leczenie podstawowe i wspomagające w wielu chorobach: wadach rozwojowych, wadach postawy i kończyn dolnych , bólach kręgosłupa, stawów, mięśni, stanach po urazach.[/vc_column_text][vc_separator type=&#8221;transparent&#8221; up=&#8221;39&#8243; down=&#8221;0&#8243;][/vc_column][vc_column width=&#8221;5/12&#8243;][vc_separator type=&#8221;transparent&#8221; up=&#8221;39&#8243; down=&#8221;0&#8243;][vc_single_image image=&#8221;15532&#8243; img_size=&#8221;full&#8221; alignment=&#8221;right&#8221; style=&#8221;vc_box_shadow_3d&#8221; qode_css_animation=&#8221;&#8221;][vc_separator type=&#8221;transparent&#8221; up=&#8221;39&#8243; down=&#8221;0&#8243;][/vc_column][/vc_row][vc_row row_type=&#8221;row&#8221; use_row_as_full_screen_section=&#8221;no&#8221; type=&#8221;grid&#8221; angled_section=&#8221;no&#8221; text_align=&#8221;left&#8221; background_image_as_pattern=&#8221;without_pattern&#8221; padding_top=&#8221;19&#8243; padding_bottom=&#8221;0&#8243; css_animation=&#8221;&#8221;][vc_column width=&#8221;7/12&#8243;][vc_column_text]</p>
<h3 style="text-align: left;">Czym się wyróżniamy?</h3>
<p>[/vc_column_text][vc_separator type=&#8221;small&#8221; position=&#8221;left&#8221; color=&#8221;#219151&#8243;][vc_accordion active_tab=&#8221;3&#8243; style=&#8221;accordion&#8221;][vc_accordion_tab title=&#8221;Bogata oferta&#8221; title_tag=&#8221;h4&#8243;][vc_column_text]Fizjoterapeuci nieustannie kształcą się a to pozwala na zwiększanie zakresu oferowanych zabiegów pozwalających spełniać oczekiwania i potrzeby wszystkich pacjentów.[/vc_column_text][/vc_accordion_tab][vc_accordion_tab title=&#8221;Wykwalifikowany personel&#8221; title_tag=&#8221;h4&#8243;][vc_column_text]Terapeuci stale doskonalą się zawodowo, co odzwierciedla się w rzetelnie i fachowo świadczonych usługa rehabilitacyjnych.[/vc_column_text][/vc_accordion_tab][vc_accordion_tab title=&#8221;Diagnostyka&#8221; title_tag=&#8221;h4&#8243;][vc_column_text]Wszystko zaczyna się od rzetelnej diagnostyki.</p>
<p>W naszym Zakładzie zapewniamy kompleksową diagnostykę:</p>
<p>1.postawy ciała przy użyciu nowoczesnego aparatu MEDI MOUSE,</p>
<p>2 kończyn dolnych i stóp u dzieci i młodzieży i dorosłych korzystając z PODOSKOPU[/vc_column_text][/vc_accordion_tab][/vc_accordion][vc_separator type=&#8221;transparent&#8221; up=&#8221;110&#8243; down=&#8221;0&#8243;][/vc_column][vc_column width=&#8221;5/12&#8243;][vc_separator type=&#8221;transparent&#8221;][vc_single_image image=&#8221;15544&#8243; img_size=&#8221;full&#8221; alignment=&#8221;right&#8221; style=&#8221;vc_box_shadow_3d&#8221; qode_css_animation=&#8221;&#8221;][vc_separator type=&#8221;transparent&#8221; up=&#8221;39&#8243; down=&#8221;0&#8243;][/vc_column][/vc_row]</p>

<p>[vc_row row_type=&#8221;row&#8221; use_row_as_full_screen_section=&#8221;no&#8221; type=&#8221;grid&#8221; angled_section=&#8221;no&#8221; text_align=&#8221;left&#8221; background_image_as_pattern=&#8221;without_pattern&#8221; padding_top=&#8221;16&#8243; padding_bottom=&#8221;0&#8243; css_animation=&#8221;&#8221;][vc_column width=&#8221;7/12&#8243;][vc_separator type=&#8221;transparent&#8221;][vc_column_text] Witamy na stronie Miejskiego Zakładu Rehabilitacji Leczniczej w Bolesławcu [/vc_column_text][vc_separator type=&#8221;small&#8221; position=&#8221;left&#8221; color=&#8221;#219151&#8243;][vc_column_text]Miejski Zakład Rehabilitacji Leczniczej Sp. z o.o. w Bolesławcu powstał w wyniku restrukturyzacji Działu Rehabilitacji SP ZOZ w Bolesławcu w 2003&#8230;</p>
